{"id":5512,"date":"2021-03-13T19:18:47","date_gmt":"2021-03-13T19:18:47","guid":{"rendered":"https:\/\/javierbalmaseda.com\/?page_id=5512"},"modified":"2023-07-11T07:00:49","modified_gmt":"2023-07-11T07:00:49","slug":"exhibitions","status":"publish","type":"page","link":"https:\/\/javierbalmaseda.com\/index.php\/exhibitions\/","title":{"rendered":"Exhibitions"},"content":{"rendered":"\t\t<div data-elementor-type=\"wp-post\" data-elementor-id=\"5512\" class=\"elementor elementor-5512\" data-elementor-settings=\"[]\">\n\t\t\t\t\t\t<div class=\"elementor-inner\">\n\t\t\t\t\t\t\t<div class=\"elementor-section-wrap\">\n\t\t\t\t\t\t\t<section class=\"elementor-section elementor-top-section elementor-element elementor-element-8169e63 elementor-section-boxed elementor-section-height-default elementor-section-height-default\" data-id=\"8169e63\" data-element_type=\"section\">\n\t\t\t\t\t\t<div class=\"elementor-container elementor-column-gap-default\">\n\t\t\t\t\t\t\t<div class=\"elementor-row\">\n\t\t\t\t\t<div class=\"elementor-column elementor-col-100 elementor-top-column elementor-element elementor-element-3756437\" data-id=\"3756437\" data-element_type=\"column\">\n\t\t\t<div class=\"elementor-column-wrap elementor-element-populated\">\n\t\t\t\t\t\t\t<div class=\"elementor-widget-wrap\">\n\t\t\t\t\t\t\t\t<\/div>\n\t\t\t\t\t<\/div>\n\t\t<\/div>\n\t\t\t\t\t\t\t\t<\/div>\n\t\t\t\t\t<\/div>\n\t\t<\/section>\n\t\t\t\t<section class=\"elementor-section elementor-top-section elementor-element elementor-element-033c65b elementor-section-boxed elementor-section-height-default elementor-section-height-default\" data-id=\"033c65b\" data-element_type=\"section\">\n\t\t\t\t\t\t<div class=\"elementor-container elementor-column-gap-default\">\n\t\t\t\t\t\t\t<div class=\"elementor-row\">\n\t\t\t\t\t<div class=\"elementor-column elementor-col-100 elementor-top-column elementor-element elementor-element-c8f2e2a\" data-id=\"c8f2e2a\" data-element_type=\"column\">\n\t\t\t<div class=\"elementor-column-wrap elementor-element-populated\">\n\t\t\t\t\t\t\t<div class=\"elementor-widget-wrap\">\n\t\t\t\t\t\t<div class=\"elementor-element elementor-element-74d3714 elementor-widget elementor-widget-text-editor\" data-id=\"74d3714\" data-element_type=\"widget\" data-widget_type=\"text-editor.default\">\n\t\t\t\t<div class=\"elementor-widget-container\">\n\t\t\t\t\t\t\t\t<div class=\"elementor-text-editor elementor-clearfix\">\n\t\t\t\t<p>EXPOSICIONES INDIVIDUALES<\/p><p>2023 &#8220;Di\u00e1logo&#8221; Balmaseda-Arranz Bravo, Embajada de Espa\u00f1a en el Principado de Andorra.\u00a0 \u00a0 \u00a0 \u00a0 \u00a0 \u00a0 \u00a0 \u00a0 \u00a0 \u00a0 \u00a0 \u00a0 \u00a0 \u00a0 \u00a0 \u00a0 \u00a0 \u00a0 \u00a0 \u00a0 \u00a0 \u00a0 \u00a0 \u00a0 \u00a0 \u00a0 \u00a0 \u00a0 \u00a0 \u00a0 \u00a0 \u00a0 \u00a0 \u00a0 \u00a0 \u00a0 \u00a0 \u00a0 \u00a0 \u00a0 \u00a0 \u00a0 \u00a0 \u00a0 \u00a0 \u00a0 \u00a0 \u00a0 \u00a0 \u00a0 \u00a0 \u00a0 \u00a0 \u00a0 \u00a0 \u00a0 \u00a0 \u00a0 \u00a0 \u00a0 \u00a0 \u00a0 \u00a0 \u00a0 \u00a0 \u00a0 2022 &#8220;Javier Balmaseda \u00e0 Calais&#8221;, Galerie Cal\u00e9idoscopes, France.<br \/>2021 \u201cSolo Aire\u201d, Galeria Taranmana, Andorra.<br \/>2019 &#8220;La ruta migratoria. Una singularidad paisajistica, 2019 Sala Art al Roc, Gobierno de Andorra y Fundaci\u00f3 Lluis Corominas, Barcelona.<br \/>2018 &#8220;La ruta migratoria. Una singularidad paisajistica, Terracotta Museu, La Bisbal d\u2019Empord\u00e0\u201d<br \/>2018 \u201cValor de Linea\u201d, Epsilon Art Group, Shenzhen Shangai, China.<br \/>2016 &#8220;Especial Exhibition&#8221;, ArtJeju, South Korea<br \/>2015 &#8220;Drawings&#8221;, BOA Gallery, Par\u00eds. Francia<br \/>2015 &#8220;Drawings&#8221; Lotte Galery, Busan. Corea del Sur<br \/>1999\u00a0 \u201cS\u00f3lidos Aparentes\u201d, Nedde Castle, Francia<br \/>1997 \u201cGolpes de la vida\u201d, Coordenada Arte Sur Gallery, Cienfuegos, Cuba.<br \/>1996 \u201cCornucopia\u201d KNOX Gallery, Denver, Colorado, USA.<br \/>1995 \u201cUntitled\u201d Ciego de \u00c1vila Gallery, Cuba<br \/>1994 \u201cAcorazados\u201d, 12 Y 23 Gallery, La Habana, Cuba.<br \/>1990 \u201cErgonomia\u201d, ENAP Gallery, La Habana, Cuba.<\/p><p>EXPOSICIONES COLECTIVAS<\/p><p>2023 &#8220;Art Theorema #3 Krisis collection, Fundacion Imago Mundi, Gallerie delle Prigioni in Treviso, Italy.\u00a0 \u00a0 \u00a0 \u00a0 \u00a0 \u00a0 \u00a0 \u00a0 \u00a0 \u00a0 \u00a0 \u00a0 \u00a0 \u00a0 \u00a0 \u00a0 \u00a0 \u00a0 \u00a0 \u00a0 \u00a0 \u00a0 \u00a0 \u00a0 \u00a0 \u00a0 \u00a0 \u00a0 \u00a0 \u00a0 \u00a0 \u00a0 \u00a0 \u00a0 \u00a0 \u00a0 \u00a0 \u00a0 \u00a0 \u00a0 \u00a0 \u00a0 \u00a0 \u00a0 \u00a0 \u00a0 \u00a0 \u00a0 \u00a0 \u00a0 \u00a0 \u00a0 \u00a0 \u00a0 \u00a0 \u00a0 2020 &#8220;Regards de passionn\u00e9s, (FIMAC Collection). 2020 Ch\u00e2teau de La Tour d\u2019Aigues, Francia<br \/>2020 \u201cLes Fl\u00e2neries d\u2019Art Contemporain\u201d, Aix en Provence, Francia<br \/>2019 &#8220;La realidad y el deseo&#8221; Centro Cultural MVA. M\u00e1laga, Espa\u00f1a<br \/>2019 Art \u00c9lys\u00e9es 2019 (FIAC), Baudoin Lebon Gallery. Par\u00eds,\u00a0 Francia<br \/>2019 Art Busan Fair Busan, Corea del Sur<br \/>2018 \u201cPraise of the hand&#8221; Art Shenzhen Faire, China<br \/>2018 \u201cGainsbourg Still Alive&#8221; La Galerie Par Graf Notaire, Par\u00eds. Francia<br \/>2017 \u201cSummer Show&#8221; BOA Gallery, Par\u00eds. Francia<br \/>2017 Curador Pabell\u00f3n de Andorra 57\u00aa Bienal de Venecia.<br \/>2017 &#8220;Gainsbourg Still Alive&#8221; Cornette de Saint Cyr Gallery, Par\u00eds. Francia<br \/>2016 \u201cEstampes &amp; Originaux&#8221; BOA Gallery, Par\u00eds. Francia<br \/>2016 ARTJEJU, Jeju. Corea del Sur.<br \/>2016 &#8220;WINE CUBE&#8221; ArtCube Gallery, Par\u00eds. Francia.<br \/>2016 &#8220;Manuel Vazquez Montalban. Pepe Carvalho&#8221; Barcelona, Ceuta. Espa\u00f1a.<br \/>2015 &#8220;Manuel Vazquez Montalban. Pepe Carvalho&#8221; Hamburgo, Tolouse y Principat d\u2019Andorra.<br \/>2014 Art \u00c9lys\u00e9es 2014 (FIAC), Baudoin Lebon Gallery. Par\u00eds, Francia.<br \/>2014 &#8220;Manuel Vazquez Montalban. Pepe Carvalho&#8221; Frankfurt, Alemania.<br \/>2014 \u201dBenvinguts a casa vostra&#8221;\u00a0 Principat d\u2019Andorra.<br \/>2014 Arte Laguna Prize 13.14 Arsenale, Venecia, Italia.<br \/>2014 &#8220;Tempus Fugit&#8221;\u00a0 Principat d\u2019Andorra.<br \/>2013 &#8220;Fixed in Contemporaneity&#8221; 55a Biena\u00f1l de Venecia, Italia.<br \/>2010 &#8220;WORK TO WORK&#8221; Gallery EnPlainAir. Turin, Italia.<br \/>2007-2008 &#8220;Itinerario&#8221;\u00a0 Museo Bolivariano de Arte Contempor\u00e1neo, Colombia.<br \/>2006 &#8220;Francophilia\u201d City Council XVI\u00e8me, Par\u00eds, Francia.<br \/>2004 &#8220;Drawings&#8221;, Andorra-B\u00e9lgica, B\u00e9lgicq<br \/>2003 \u201cArt Warehouse\u201d, Nedde Castle, Francia<br \/>2002 \u201c6 Artists-6 Concepts\u201d, Amarika Gallery, Vitoria, Espa\u00f1a.<br \/>2002\u201cArt Warehouse\u201d, Nedde Castle, France.<br \/>2001 \u201c6 Artists-6 Concepts\u201d, Andorra, Art workshops, sala de exposiciones del Gobierno de Andorra.<br \/>1998 \u201cFirst Report\u201d, Provincial Museum Cienfuegos, Cuba.<br \/>1997 \u201cBefore the Rain\u201d, ISA Gallery, Colateral a la Bienal de La Habana, Cuba.<br \/>1997 \u201cA punto de cocido\u201d, Visual Arts Development Centre, La Habana, Cuba.<br \/>1995 \u201cFirst Cuban Contemporary Art Show&#8221;, National Museum of Fine Arts, La Habana, Cuba.<br \/>1995 \u201cAdok\u00edn 2\u201d, 12 Y 23 Gallery, La Habana, Cuba.<br \/>1994 \u201cSculptures\u201d, Villa Panamerican Gallery, La Habana, Cuba.<br \/>1994 \u201cVth City Show\u201d, Boulevard Gallery, Cienfuegos, Cuba.<br \/>1994 \u201cWilfredo Lam Show\u201d, Sagua La Grande Art Centre, Villa Clara, Cuba.<br \/>1993 \u201cModernos 4\u201d, Visual Arts Development Centre, Cienfuegos, Cuba.<br \/>1993 \u201cIVth City Show\u201d, Boulevard Gallery, Cienfuegos, Cuba.<br \/>1988 \u201cAdok\u00edn\u201d, Casa del Joven Creador Gallery, La Habana, Cuba<\/p>\t\t\t\t\t<\/div>\n\t\t\t\t\t\t<\/div>\n\t\t\t\t<\/div>\n\t\t\t\t<div class=\"elementor-element elementor-element-5ac8cba elementor-widget elementor-widget-text-editor\" data-id=\"5ac8cba\" data-element_type=\"widget\" data-widget_type=\"text-editor.default\">\n\t\t\t\t<div class=\"elementor-widget-container\">\n\t\t\t\t\t\t\t\t<div class=\"elementor-text-editor elementor-clearfix\">\n\t\t\t\t\t\t\t\t\t<\/div>\n\t\t\t\t\t\t<\/div>\n\t\t\t\t<\/div>\n\t\t\t\t\t\t<\/div>\n\t\t\t\t\t<\/div>\n\t\t<\/div>\n\t\t\t\t\t\t\t\t<\/div>\n\t\t\t\t\t<\/div>\n\t\t<\/section>\n\t\t\t\t<section class=\"elementor-section elementor-top-section elementor-element elementor-element-b6226b4 elementor-section-boxed elementor-section-height-default elementor-section-height-default\" data-id=\"b6226b4\" data-element_type=\"section\" data-settings=\"{&quot;background_background&quot;:&quot;classic&quot;}\">\n\t\t\t\t\t\t<div class=\"elementor-container elementor-column-gap-default\">\n\t\t\t\t\t\t\t<div class=\"elementor-row\">\n\t\t\t\t\t<div class=\"elementor-column elementor-col-100 elementor-top-column elementor-element elementor-element-9b13402\" data-id=\"9b13402\" data-element_type=\"column\">\n\t\t\t<div class=\"elementor-column-wrap elementor-element-populated\">\n\t\t\t\t\t\t\t<div class=\"elementor-widget-wrap\">\n\t\t\t\t\t\t<div class=\"elementor-element elementor-element-37e6bad elementor-view-default elementor-widget elementor-widget-icon\" data-id=\"37e6bad\" data-element_type=\"widget\" data-widget_type=\"icon.default\">\n\t\t\t\t<div class=\"elementor-widget-container\">\n\t\t\t\t\t<div class=\"elementor-icon-wrapper\">\n\t\t\t<a class=\"elementor-icon\" href=\"https:\/\/javierbalmaseda.com\/\">\n\t\t\t<i aria-hidden=\"true\" class=\"fas fa-step-backward\"><\/i>\t\t\t<\/a>\n\t\t<\/div>\n\t\t\t\t<\/div>\n\t\t\t\t<\/div>\n\t\t\t\t\t\t<\/div>\n\t\t\t\t\t<\/div>\n\t\t<\/div>\n\t\t\t\t\t\t\t\t<\/div>\n\t\t\t\t\t<\/div>\n\t\t<\/section>\n\t\t\t\t\t\t<\/div>\n\t\t\t\t\t\t<\/div>\n\t\t\t\t\t<\/div>\n\t\t","protected":false},"excerpt":{"rendered":"<p>EXPOSICIONES INDIVIDUALES 2023 &#8220;Di\u00e1logo&#8221; Balmaseda-Arranz Bravo, Embajada de Espa\u00f1a en el Principado de Andorra.\u00a0 \u00a0 \u00a0 \u00a0 \u00a0 \u00a0 \u00a0 \u00a0 \u00a0 \u00a0 \u00a0 \u00a0 \u00a0 \u00a0 \u00a0 \u00a0 \u00a0 \u00a0 \u00a0 \u00a0 \u00a0 \u00a0 \u00a0 \u00a0 \u00a0 \u00a0 \u00a0 \u00a0 \u00a0 \u00a0 \u00a0 \u00a0 \u00a0 \u00a0 \u00a0 \u00a0 \u00a0 \u00a0 \u00a0 \u00a0 \u00a0 \u00a0 [&hellip;]<\/p>\n","protected":false},"author":1,"featured_media":0,"parent":0,"menu_order":0,"comment_status":"closed","ping_status":"closed","template":"elementor_header_footer","meta":{"footnotes":""},"class_list":["post-5512","page","type-page","status-publish","hentry"],"_links":{"self":[{"href":"https:\/\/javierbalmaseda.com\/index.php\/wp-json\/wp\/v2\/pages\/5512","targetHints":{"allow":["GET"]}}],"collection":[{"href":"https:\/\/javierbalmaseda.com\/index.php\/wp-json\/wp\/v2\/pages"}],"about":[{"href":"https:\/\/javierbalmaseda.com\/index.php\/wp-json\/wp\/v2\/types\/page"}],"author":[{"embeddable":true,"href":"https:\/\/javierbalmaseda.com\/index.php\/wp-json\/wp\/v2\/users\/1"}],"replies":[{"embeddable":true,"href":"https:\/\/javierbalmaseda.com\/index.php\/wp-json\/wp\/v2\/comments?post=5512"}],"version-history":[{"count":20,"href":"https:\/\/javierbalmaseda.com\/index.php\/wp-json\/wp\/v2\/pages\/5512\/revisions"}],"predecessor-version":[{"id":6296,"href":"https:\/\/javierbalmaseda.com\/index.php\/wp-json\/wp\/v2\/pages\/5512\/revisions\/6296"}],"wp:attachment":[{"href":"https:\/\/javierbalmaseda.com\/index.php\/wp-json\/wp\/v2\/media?parent=5512"}],"curies":[{"name":"wp","href":"https:\/\/api.w.org\/{rel}","templated":true}]}}

<div data-elementor-type="wp-post" data-elementor-id="5512" class="elementor elementor-5512" data-elementor-settings="[]">
						<div class="elementor-inner">
							<div class="elementor-section-wrap">
							<section class="elementor-section elementor-top-section elementor-element elementor-element-8169e63 elementor-section-boxed elementor-section-height-default elementor-section-height-default" data-id="8169e63" data-element_type="section">
						<div class="elementor-container elementor-column-gap-default">
							<div class="elementor-row">
					<div class="elementor-column elementor-col-100 elementor-top-column elementor-element elementor-element-3756437" data-id="3756437" data-element_type="column">
			<div class="elementor-column-wrap elementor-element-populated">
							<div class="elementor-widget-wrap">
								</div>
					</div>
		</div>
								</div>
					</div>
		</section>
				<section class="elementor-section elementor-top-section elementor-element elementor-element-033c65b elementor-section-boxed elementor-section-height-default elementor-section-height-default" data-id="033c65b" data-element_type="section">
						<div class="elementor-container elementor-column-gap-default">
							<div class="elementor-row">
					<div class="elementor-column elementor-col-100 elementor-top-column elementor-element elementor-element-c8f2e2a" data-id="c8f2e2a" data-element_type="column">
			<div class="elementor-column-wrap elementor-element-populated">
							<div class="elementor-widget-wrap">
						<div class="elementor-element elementor-element-74d3714 elementor-widget elementor-widget-text-editor" data-id="74d3714" data-element_type="widget" data-widget_type="text-editor.default">
				<div class="elementor-widget-container">
								<div class="elementor-text-editor elementor-clearfix">
				<p>EXPOSICIONES INDIVIDUALES</p><p>2023 &#8220;Diálogo&#8221; Balmaseda-Arranz Bravo, Embajada de España en el Principado de Andorra.                                                                                                                                    2022 &#8220;Javier Balmaseda à Calais&#8221;, Galerie Caléidoscopes, France.<br />2021 “Solo Aire”, Galeria Taranmana, Andorra.<br />2019 &#8220;La ruta migratoria. Una singularidad paisajistica, 2019 Sala Art al Roc, Gobierno de Andorra y Fundació Lluis Corominas, Barcelona.<br />2018 &#8220;La ruta migratoria. Una singularidad paisajistica, Terracotta Museu, La Bisbal d’Empordà”<br />2018 “Valor de Linea”, Epsilon Art Group, Shenzhen Shangai, China.<br />2016 &#8220;Especial Exhibition&#8221;, ArtJeju, South Korea<br />2015 &#8220;Drawings&#8221;, BOA Gallery, París. Francia<br />2015 &#8220;Drawings&#8221; Lotte Galery, Busan. Corea del Sur<br />1999  “Sólidos Aparentes”, Nedde Castle, Francia<br />1997 “Golpes de la vida”, Coordenada Arte Sur Gallery, Cienfuegos, Cuba.<br />1996 “Cornucopia” KNOX Gallery, Denver, Colorado, USA.<br />1995 “Untitled” Ciego de Ávila Gallery, Cuba<br />1994 “Acorazados”, 12 Y 23 Gallery, La Habana, Cuba.<br />1990 “Ergonomia”, ENAP Gallery, La Habana, Cuba.</p><p>EXPOSICIONES COLECTIVAS</p><p>2023 &#8220;Art Theorema #3 Krisis collection, Fundacion Imago Mundi, Gallerie delle Prigioni in Treviso, Italy.                                                                                                                2020 &#8220;Regards de passionnés, (FIMAC Collection). 2020 Château de La Tour d’Aigues, Francia<br />2020 “Les Flâneries d’Art Contemporain”, Aix en Provence, Francia<br />2019 &#8220;La realidad y el deseo&#8221; Centro Cultural MVA. Málaga, España<br />2019 Art Élysées 2019 (FIAC), Baudoin Lebon Gallery. París,  Francia<br />2019 Art Busan Fair Busan, Corea del Sur<br />2018 “Praise of the hand&#8221; Art Shenzhen Faire, China<br />2018 “Gainsbourg Still Alive&#8221; La Galerie Par Graf Notaire, París. Francia<br />2017 “Summer Show&#8221; BOA Gallery, París. Francia<br />2017 Curador Pabellón de Andorra 57ª Bienal de Venecia.<br />2017 &#8220;Gainsbourg Still Alive&#8221; Cornette de Saint Cyr Gallery, París. Francia<br />2016 “Estampes &amp; Originaux&#8221; BOA Gallery, París. Francia<br />2016 ARTJEJU, Jeju. Corea del Sur.<br />2016 &#8220;WINE CUBE&#8221; ArtCube Gallery, París. Francia.<br />2016 &#8220;Manuel Vazquez Montalban. Pepe Carvalho&#8221; Barcelona, Ceuta. España.<br />2015 &#8220;Manuel Vazquez Montalban. Pepe Carvalho&#8221; Hamburgo, Tolouse y Principat d’Andorra.<br />2014 Art Élysées 2014 (FIAC), Baudoin Lebon Gallery. París, Francia.<br />2014 &#8220;Manuel Vazquez Montalban. Pepe Carvalho&#8221; Frankfurt, Alemania.<br />2014 ”Benvinguts a casa vostra&#8221;  Principat d’Andorra.<br />2014 Arte Laguna Prize 13.14 Arsenale, Venecia, Italia.<br />2014 &#8220;Tempus Fugit&#8221;  Principat d’Andorra.<br />2013 &#8220;Fixed in Contemporaneity&#8221; 55a Bienañl de Venecia, Italia.<br />2010 &#8220;WORK TO WORK&#8221; Gallery EnPlainAir. Turin, Italia.<br />2007-2008 &#8220;Itinerario&#8221;  Museo Bolivariano de Arte Contemporáneo, Colombia.<br />2006 &#8220;Francophilia” City Council XVIème, París, Francia.<br />2004 &#8220;Drawings&#8221;, Andorra-Bélgica, Bélgicq<br />2003 “Art Warehouse”, Nedde Castle, Francia<br />2002 “6 Artists-6 Concepts”, Amarika Gallery, Vitoria, España.<br />2002“Art Warehouse”, Nedde Castle, France.<br />2001 “6 Artists-6 Concepts”, Andorra, Art workshops, sala de exposiciones del Gobierno de Andorra.<br />1998 “First Report”, Provincial Museum Cienfuegos, Cuba.<br />1997 “Before the Rain”, ISA Gallery, Colateral a la Bienal de La Habana, Cuba.<br />1997 “A punto de cocido”, Visual Arts Development Centre, La Habana, Cuba.<br />1995 “First Cuban Contemporary Art Show&#8221;, National Museum of Fine Arts, La Habana, Cuba.<br />1995 “Adokín 2”, 12 Y 23 Gallery, La Habana, Cuba.<br />1994 “Sculptures”, Villa Panamerican Gallery, La Habana, Cuba.<br />1994 “Vth City Show”, Boulevard Gallery, Cienfuegos, Cuba.<br />1994 “Wilfredo Lam Show”, Sagua La Grande Art Centre, Villa Clara, Cuba.<br />1993 “Modernos 4”, Visual Arts Development Centre, Cienfuegos, Cuba.<br />1993 “IVth City Show”, Boulevard Gallery, Cienfuegos, Cuba.<br />1988 “Adokín”, Casa del Joven Creador Gallery, La Habana, Cuba</p>					</div>
						</div>
				</div>
				<div class="elementor-element elementor-element-5ac8cba elementor-widget elementor-widget-text-editor" data-id="5ac8cba" data-element_type="widget" data-widget_type="text-editor.default">
				<div class="elementor-widget-container">
								<div class="elementor-text-editor elementor-clearfix">
									</div>
						</div>
				</div>
						</div>
					</div>
		</div>
								</div>
					</div>
		</section>
				<section class="elementor-section elementor-top-section elementor-element elementor-element-b6226b4 elementor-section-boxed elementor-section-height-default elementor-section-height-default" data-id="b6226b4" data-element_type="section" data-settings="{&quot;background_background&quot;:&quot;classic&quot;}">
						<div class="elementor-container elementor-column-gap-default">
							<div class="elementor-row">
					<div class="elementor-column elementor-col-100 elementor-top-column elementor-element elementor-element-9b13402" data-id="9b13402" data-element_type="column">
			<div class="elementor-column-wrap elementor-element-populated">
							<div class="elementor-widget-wrap">
						<div class="elementor-element elementor-element-37e6bad elementor-view-default elementor-widget elementor-widget-icon" data-id="37e6bad" data-element_type="widget" data-widget_type="icon.default">
				<div class="elementor-widget-container">
					<div class="elementor-icon-wrapper">
			<a class="elementor-icon" href="https://javierbalmaseda.com/">
			<i aria-hidden="true" class="fas fa-step-backward"></i>			</a>
		</div>
				</div>
				</div>
						</div>
					</div>
		</div>
								</div>
					</div>
		</section>
						</div>
						</div>
					</div>

<p>EXPOSICIONES INDIVIDUALES 2023 &#8220;Diálogo&#8221; Balmaseda-Arranz Bravo, Embajada de España en el Principado de Andorra.                                                                                    [&hellip;]</p>
